(-16 - -1)) + -12.
-1
Evaluate 14 - (-18 + 12 + (-3 - -3)).
20
Evaluate 829 + -818 - (3 + -1 + 2 + 0).
7
What is (-350 - -348 - (7 - (-2 + 1))) + 5?
-5
What is (7 - (-6 - -7)) + -17?
-11
Evaluate 5 - (47 - -1 - 17).
-26
Evaluate (62 - 48) + 2 + -3.
13
What is 29 + -20 + 3 + -22?
-10
What is -8 + -5 + (22 - -5)?
14
(-36 - (-10 - -2)) + (-2 - (3 + -1))
-32
What is the value of -4 - ((4 - -3 - (4 + -2)) + -6)?
-3
What is the value of 15 - 3 - (19 - 2) - 10?
-15
-8 + 2 + (57 - (19 - -35))
-3
(10 - (-2 - -5)) + -2 + 0
5
1 + 0 + 17 + -4
14
Evaluate -11 + 20 - (4 + 23 + (-3 - -9)).
-24
Evaluate -1 + 9 + -6 - -9 - (1 + 1).
9
(11 - (-9 - -15)) + 7
12
Evaluate -37 - 9 - -42 - 22.
-26
Calculate 14 - (-23 + 21 + 0).
16
Calculate 8 - ((6 - 9 - -4) + 2).
5
What is the value of -18 + -19 + 40 - (-3 - 1 - -22)?
-15
What is (10 - (4 - (13 - 27))) + -21?
-29
What is the value of -11 + 20 - (4 + 11)?
-6
What is the value of 3 - (11 + -19 - 8)?
19
What is the value of 12 - 2 - 12 - (-11 + -3)?
12
Evaluate -16 + -26 + 18 - -48.
24
What is (0 - -8) + (-40 - -14) + -3?
-21
Evaluate 42 - (46 + -19) - 21.
-6
-16 - -1 - (-16 + -6)
7
Calculate (-22 - 13) + 15 - -8.
-12
Calculate -51 - 0 - (126 + -157).
-20
Calculate 22 + 14 + -33 + -14.
-11
1 + (8 - (5 - (1 + -3 + 4)))
6
4 - (15 - (2 - (-9 + 2))) - -22
20
Evaluate 29 - (28 - 1) - -9.
11
What is the value of 41 - (43 + (-28 - -7))?
19
Evaluate -6 + (34 - 7) - 21.
0
Evaluate -9 + (47 - (7 - 7) - (12 - 4)).
30
Calculate 2 + -11 + (26 - (17 + -4)).
4
5 + (-36 - -10) + 16
-5
Calculate -9 + -7 + 12 + 1.
-3
-13 + 6 + -5 + -1 + 2 + -1
-12
What is 1316 + -1285 + (-2 - 6 - 1)?
22
What is 9 - (-5 - ((-8 - (8 + -1)) + 3))?
2
12 + 1 + 20 + -12 + -17
4
-19 - (20 - (9 - -20))
-10
What is 17 + (-5 - 0 - (5 + -7)) + 1?
15
Calculate -5 - (-13 - -3) - 1.
4
What is -12 + 4 + -57 + 57?
-8
Calculate 14 - (10 - 12) - 19.
-3
What is the value of -40 - (-39 + 17 + 4)?
-22
Calculate 1 + -3 - (40 - (19 + 9)).
-14
What is 25 - 26 - (-2 + (-1 - 8))?
10
Calculate (62 - 56 - (3 - 2 - -14)) + -2.
-11
Calculate -39 + 26 + 5 + 1 + 6 + -11.
-12
Calculate 3 + 4 + (9 + 0 - (13 - -14)).
-11
Evaluate (6 - -11) + (13 - (13 + -10)).
27
Evaluate 1 + -1 + (9 - (-4 + 7 - -3)).
3
Calculate 8 + -13 + 4 + -1 + 6.
4
What is 9 + (-7 - -4) + (-5 - (0 + 3))?
-2
What is the value of (6 - 0) + 2 + -7 + -10 + 18?
9
3 + 10 - (-17 + 15)
15
What is 5 + 10 + -1 + -8?
6
What is 18 + (-4 - 5) + -6?
3
Evaluate 15 + (-10 + -3 - -10).
12
Calculate (7 - (5 - 1) - 21) + 5.
-13
What is -4 - (25 + -7) - (11 - 6)?
-27
1 + -9 - (-13 + 57 + -43)
-9
4 + 3 + -20 + 19
6
What is 131 - 140 - (4 - 1)?
-12
Calculate -3 + 2 - 3 - (78 - 68).
-14
What is the value of ((25 - 6) + -8 - 7 - 11) + 6?
-1
What is the value of -26 + 38 - ((-3 - -3) + 5)?
7
What is 28 + -1 + 112 + -114?
25
What is (-13 + 4 + 12 + -9 - -2) + -9?
-13
What is the value of (0 - (-4 + (-2 - -7))) + (-15 - -9)?
-7
What is 25 - 5 - (4 + -7 + 5 + 6)?
12
23 + (3 - (12 - 9)) + 3
26
3 - (6 + -2 + 5) - (-6 - 7)
7
Calculate 32 + (15 - (-28 - -48)).
27
(0 - 9) + (-34 + 42 - (2 - -11))
-14
Calculate 0 + 14 + -1 + -15 - -13.
11
What is 16 + 20 + -6 - (12 - 2)?
20
What is the value of -3 + -5 + (2 - (3 - 6)) + 4?
1
25 - (41 - 31) - 33
-18
What is (-6 - -6) + (-17 - -9) + 5?
-3
Calculate (6 + 3 - 6) + -2.
1
What is 9 + (-11 - -8 - 4) + -4?
-2
What is the value of -10 - (-7 + 4 - -5 - -3 - 2)?
-13
7 + (2 - 12) - (-4 - 0)
1
What is -3 + 5 + -2 + (0 - -4)?
4
Evaluate 4 - -25 - 2 - 14.
13
Calculate -35 + 31 + 0 + 1 - (-17 - -13).
1
What is the value of -1 + 3 - (9 - (14 - -2))?
9
Calculate (1 - 0) + 14 + 1 + 47 + -48.
15
What is 8 - (-15 + 16) - (12 + -4)?
-1
What is the value of -219 - -205 - (9 + -3 - 35)?
15
Calculate (4 - (-3 + -7 - -6)) + 1.
9
Calculate 0 + -32 + (20 - -10).
-2
Calculate 18 - (16 - (-30 - -32)).
4
Calculate -6 - (2 - 4) - 8.
-12
Evaluate 0 - (18 + -10 - 4).
-4
974 + -953 + (-39 - 1)
-19
Evaluate 18 - (-16 - (2 - (16 + -7))).
27
What is 3 - -1 - (5 - 4) - 5?
-2
Evaluate (-7 - (-4 - 2)) + (-10 - -6) + -19.
-24
47 + -46 + (0 + 0 - (-25 - -29))
-3
(107 - 119) + -10 + (-4 - -1)
-25
What is the value of 7 - (-7 + 2 - (-2 - (-4 + 3)))?
11
(-1 - 0) + 12 + 34 + (-47 - -10)
8
Evaluate 1 - -8 - (0 - (3 + (7 - 10))).
9
-5 - (-12 + 8 + -7 + 13)
-7
What is the value of -8 - (4 - (17 + 4) - 6)?
15
Evaluate -8 - (-1 + -11 + 3 + 8).
-7
What is the value of 14 + -16 + 19 + -5?
12
What is -30 + 46 - (1 + 35)?
-20
Evaluate 10 + 2 + 30 + (-26 - -1).
17
Calculate 21 + 9 + (-3 - 27).
0
Calculate -76 - -37 - -37 - (28 - -2).
-32
What is the value of -51 + 1 + 10 + -63 + 69?
-34
What is the value of -47 + 24 + 12 - 5?
-16
What is the value of (10 - 4) + -20 + 5 + 0?
-9
What is the value of (-5 - -24) + (6 - 30)?
-5
Calculate (-35 - -11) + (9 - -3).
-12
Evaluate 25 + 23 + (-27 - -2).
23
What is the value of -3 - (36 - (2 + -3) - (75 + -71))?
-36
What is the value of 5 - 0 - (15 - (-11 - -31))?
10
Evaluate 6 - (5 - (6 + 10)).
17
Evaluate 0 + -6 + (21 - 11 - 2) - -2.
4
Evaluate (-43 - -24) + 16 + 24.
21
What is the value of 1 + (-5 + 23 - (-10 + 2 + 8))?
19
What is -219 + 201 + (8 + -2 - -1) + -2?
-13
What is 2 - 0 - (-8 + 2 - -15) - -20?
13
Evaluate 25 - -1 - (59 + -7).
-26
Evaluate 43 + -16 - 5 - -5.
27
What is the value of 631 + -620 - (2 - 2 - (1 + -1))?
11
-25 + (-11 - 16) + 54
2
Calculate 6 + 1 + (6 - (-1 - (4 - 14))).
4
What is the value of -9 - (7 - (-7 + 6 + 8 + 21))?
12
What is 10 - (13 + (-19 - -20))?
-4
-11 - (-8 + (-16 - -4)) - 10
-1
1 + 7 + (-4 - (-28 - -13)) + 11
30
Evaluate 0 + 5 - (-9 + 15).
-1
-1 - (-30 - (11 + -63))
-23
Calculate 1 + -11 - (-5 - (56 - 55)).
-4
Calculate 0 + -2 + -5 + 3 + -1 + 2.
-3
Calculate 0 - ((18 - -1) + -6) - -20.
7
Calculate (-13 - -26) + 1 - (-4 - (4 + -14)).
8
What is the value of 4 - 0 - (-30 - (-39 + 11))?
6
-19 + (-11 + -13 - -16) + 17
-10
What is the value of 0 + (-12 - -7) + -16?
-21
Evaluate -30 - (-6 + -25) - -20.
21
Calculate -2 - (2 - (-6 - (5 + -5 + -5))).
-5
Calculate -16 + 1 - (-84 + 61) - 1.
7
What is the value of 9 + (-25 - -3 - -12)?
-1
-11 + (13 - 7) + 6 + 3 + -6
-2
What is the value of (-40 - -27) + (4 - -15)?
6
Calculate (12 - (-14 + 24)) + 16.
18
What is the value of -14 + 18 + 1 + 1 - -1 - 24?
-17
Calculate 14 - (-21 + 17 + -12) - 13.
17
Calculate 6 + (-11 - -13 - -12 - 45).
-25
-6 + (7 - (4 + -2 - 4) - 3)
0
What is the value of (-1 - 5) + -1 - (-584 - -579)?
-2
Evaluate 4 + (-2 + 1 - (1 + 1 + 8)).
-7
Calculate 3 - (1 - (-1 - (-2 + -5) - 5)).
3
Calculate 378 + -396 + 2 + -2.
-18
What is (-26 - (18 + -43)) + 18?
17
Calculate (9 - 8 - -11) + -31.
-19
Calculate 12 + 6 + (6 - 9) - 10.
5
Calculate 22 + (-5 + -4 - (7 + (-1 - 6))).
13
(15 - 7 - 17) + 4 + -6
-11
What is -19 - -3 - (-3 - ((-6 - -5) + -6))?
-20
Evaluate (-13 - 5 - -8) + (11 - 10) - -13.
4
Evaluate 13 - ((7 - (9 + 0)) + 8 + -15).
22
What is -18 - (-32 - (-37 - -41))?
18
Evaluate (111 - 66) + -14 + 1 - 9.
23
3 + -1 + (0 - 22 - -34)
14
-13 + 5 - (-25 - -16) - -9
10
What is (-9 + (-3 - -29) - 18) + -11?
-12
(8 - 4 - (-1 - (-8 + 5))) + -5
-3
Evaluate -42 + 3 - (461 + -462).
-38
What is (-79 - -26 - -45) + (1 - 10)?
-17
Calculate 189 - 192 - (4 + (3 - 6)).
-4
Evaluate (15 - (13 + -7)) + -6 + -22.
-19
Calculate 6 - (-2 + 5 + 12 + (1 - -1)).
-11
-6 + (-19 + 13 - (1 - 13)) + -4
-4
What is the value of 2 + 8 + (1 - (0 + 1 + 4))?
6
What is the value of -9 + (10 - ((-2 - -2) + -1))?
2
Calculate -3 - ((23 - 12) + -3 + -18).
7
Calculate (3 - -4) + 8 - (-4 - (-4 - -4)).
19
Evaluate 4 - ((9 - -7) + 5).
-17
Evaluate -11 + -4 + 1 + 7 - (-4 - -7).
-10
(-17 - -22) + 4 - -10 - (-2 - -11)
10
2 + -3 + -1 + 10 + 5
13
What is 2 - (-3 - -8) - (3 + 10 - -6)?
-22
-14 - (18 - (4 + 10))
-18
What is the value of 2 + (11 + -1 - (-317 - -327))?
2
-15 + 10 + -5 + 11 + 2
3
Calculate -2 + (7 - 4) - (-3 - (4 - 11)).
-3
Calculate -5 + 9 - 11 - (4 - 11).
0
Calculate -154 - -174 - (29 - 3) - (6 - -1).
-13
Calculate 9 - -1 - ((3 - (-5 + 4)) + -4).
10
Calculate -32 - (-76 + (-8 - -37)).
15
Calculate 79 + -66 + (-19 - 5).
-11
-8 - (0 - (1 + 7))
0
What is 19 - 25 - (-4 - (-2 - -3 - 3))?
-4
What is 97 + -97 - (1 + 5 + 0) - 5?
-11
-5 + 4 + -13 + 19
5
Evaluate -16 + 2 - (-4 + -3 + (-11 - -10)).
-6
-11 + 8 + -2 + 3 + 10
8
Evaluate (-2 - 2 - 5) + 9 - (-1 + -3).
4
What is th